- 6*v - 1. Suppose 5*g + 5 = -5*u, 0*u - 2*g = 3*u + 6. Let w be (11 - 2)*u/6. Let c = 1 + w. What is z(c)?
4
Let n(u) be the third derivative of u**5/60 - 2*u**4/3 - 4*u**3/3 + 82*u**2 + 2*u. Give n(13).
-47
Let h = 68 + -74. Let x(y) = -y**2 - 7*y + 3. What is x(h)?
9
Suppose 80 = 656*l - 640*l. Let r(q) = 2*q**2 - 6*q - 6. Calculate r(l).
14
Let h(g) = -2*g. Let r(o) = -2*o**2 - 11*o + 1. Let v(n) = -10*h(n) + 2*r(n). Let w = 26 - 18. Suppose w = -0*c - 4*c. Determine v(c).
-10
Let f be (-1 - 2) + (3 - 4) + 4. Let x(h) be the third derivative of 1/24*h**4 + f*h + 11/6*h**3 + 0 + 3*h**2. Give x(-5).
6
Let w(i) be the first derivative of i**4/2 + i**2 + i + 2. Suppose 2 = -n + 5*c - 3, -2*c = -6. Let s(b) = b - 11. Let k be s(n). Determine w(k).
-3
Let i(o) = -5*o**3 + 15*o**2 - 16*o + 8. Let d(h) = h**3 - 4*h**2 + 3*h - 2. Let z(b) = 9*d(b) + 2*i(b). Calculate z(-5).
-2
Let j(f) = -f**2 - 9*f - 1. Let l(v) = -v**2 - 10*v - 2. Let h(u) = -5*j(u) + 4*l(u). Let w(m) = -m**3 + 30*m**2 + 133*m + 96. Let g be w(34). Calculate h(g).
3
Let j be (52/13 - 12) + 0/1. Let o(i) = -i - 19. Determine o(j).
-11
Let o be 0/(((-18)/(-3))/3). Let r = o + 1. Let q(f) = f**2 - 8 - 3 + 12 + f - 2*f. Give q(r).
1
Let z(i) = 5*i - 49. Let u be z(10). Let d(b) = -2*b - 1. Give d(u).
-3
Let u(z) = -z**3 - z**2 + 3. Let f(a) = -3*a**3 + a**2 + 2*a + 8. Let b(d) = f(d) - 2*u(d). What is b(4)?
-6
Let a(c) be the first derivative of c**2/2 - 3*c + 1. Suppose -261*u + 273*u - 60 = 0. What is a(u)?
2
Suppose 5 = 3*b + 2*z, -5*z + 3*z + 2 = 2*b. Let i(r) = r**2 - r + 4. Let q be i(0). Let n(w) = 1 - w**3 - 3 - 4*w + 0*w**3 + 6 + q*w**2. What is n(b)?
1
Suppose 9*a = 16 + 11. Let o(h) be the second derivative of 3*h + 1/2*h**2 + 0 + 1/6*h**a - h**4. What is o(-1)?
-12
Let l = 117 + -115. Let s(x) = -x - l + 1 + 1 - 1. Give s(0).
-1
Let p(z) be the second derivative of -z**4/6 + z**3/6 + z**2/2 - 88*z. Calculate p(-1).
-2
Let i(k) = -9*k**3 - k**2 - 5*k + 4. Let m(x) = 19*x**3 + 2*x**2 + 11*x - 9. Let q(h) = -9*i(h) - 4*m(h). Let g = -1486 + 1485. Determine q(g).
-5
Let d(r) = r**2 + r**2 + 0*r**2 - 6*r - 3*r**2 - 4. Let t(m) = -2*m + 1. Let p be t(4). What is d(p)?
-11
Let s(y) = -2 + 2 - 8*y - y**2 + 1 + 7*y. Let g(h) = -h**2 + 2*h. Let x be g(2). Let k be (x/(-2))/(4/(-2)). What is s(k)?
1
Let u(o) be the second derivative of 0 - 1/60*o**5 + 1/6*o**3 - 1/120*o**6 - 6*o**2 + 0*o**4 - 6*o. Let c(j) be the first derivative of u(j). Determine c(0).
1
Let o(a) = 2*a**2 + 71*a + 9. Let v(l) = l**2 + 33*l + 4. Let f(q) = 6*o(q) - 13*v(q). Let s(r) = r**2 - 9*r + 6. Let w be s(6). Let c = w - -8. What is f(c)?
-2
Let a(c) = c**2 + 8*c + 3. Let r = 912 - 918. Calculate a(r).
-9
Let j(s) = -s**2 + s + 1. Let z(n) = -2*n - 2. Let y(m) = 2*j(m) + z(m). Let f be y(0). Let k be -1*(9/3 - f). Let a(l) = l**3 + 4*l**2 - l - 1. What is a(k)?
11
Suppose -180 = -16*c - 68. Let g(d) = -d**3 + 8*d**2 - 9*d + 16. Give g(c).
2
Let q(b) = -b**3 - b + 39. Suppose -2*l - 8*l + 19*l = 0. What is q(l)?
39
Let u(o) = -o**2 + 7*o + 11. Let a(f) = -2*f**3 + 25*f**2 - 11*f - 4. Let y be a(12). Determine u(y).
3
Let r be ((-21)/(-14))/((-1)/(-10)). Suppose -4*c - g = -r, 5 = -2*c - g + 10. Let d(s) = s**2 - 9*s + 5. Calculate d(c).
-15
Let s be 4/((-7)/((-49)/14)). Let h(k) be the first derivative of -k + 1/2*k**s - 1/3*k**3 + 8. Determine h(0).
-1
Let a(q) = q**2 - 8*q + 10. Let s(c) = c**3 + 9*c**2 + 12*c - 7. Let t be s(-7). Give a(t).
3
Suppose 4*t = 3*t + 2. Let j(m) = -t*m + 4*m + 4*m - m**2 + 2. What is j(5)?
7
Let o(w) be the first derivative of 4*w**2 - 4*w + 81. Calculate o(2).
12
Suppose -4*o + 67 = 75. Let t(x) = -x**2 - 2*x. Calculate t(o).
0
Let l(q) = 13*q**3 - q**2 - q + 1. Let t be 6/(-4)*(-28)/42. Suppose -4*j - t + 5 = 0. Determine l(j).
12
Let f(y) = 97*y - 100*y - 2 + 0. Let p = -100 + 103. Calculate f(p).
-11
Let o(n) = n**3 - n + 1. Let w(t) = 3*t**3 + 6*t**2 + 2*t - 4. Let h be (0 + 2 + 0)/2. Let g(r) = h*w(r) - 4*o(r). What is g(7)?
-15
Let p(o) = 2*o - 2. Let b(y) = 7*y - 13. Let m(z) = b(z) - 3*p(z). Calculate m(0).
-7
Let i(x) = -48*x**2 + 4 + 110*x**2 - x**3 - 6*x - 53*x**2. Calculate i(8).
20
Let g(o) = -2*o + 1. Let y = 195 + -180. Give g(y).
-29
Let f(i) be the second derivative of i**5 + i**4/12 - i**2/2 + 840*i. Suppose n = -n + 2. Give f(n).
20
Let z(r) = -4*r - 3. Let q = 31 + -16. Suppose h = -2*h - q. Let w = h - -3. What is z(w)?
5
Let f(g) = 2*g + 5*g - 3*g**2 - 17*g + 5*g. Determine f(-4).
-28
Let l(v) = -v**2 + 12*v - 34. Let x be 1 + (-72)/84 + 34/7. Give l(x).
1
Let x(b) = -2*b**3 - 23*b**2 - 12*b - 14. Let t be x(-11). Let n(z) = -z**3 - 2*z**2 + 6*z - 1. Determine n(t).
-10
Suppose 93 = -11*a - 138. Let t be (28/a)/(1/(-3)). Let j(u) = 1 - 3*u + 6*u - 2*u. Calculate j(t).
5
Let s be 3/(-6)*2 + 2. Let l(o) = 4*o + 51. Let t(q) = 4*q + 61. Let u(a) = 6*l(a) - 5*t(a). What is u(s)?
5
Let u = 15 + -10. Let w(m) = 3 - 2*m + u - 2 + m. Let c be w(10). Let g(s) = -s**2 - 3*s. Determine g(c).
-4
Let o be 46/11 + (-4)/22. Let r be (-3)/(3 - 2)*-1. Let j(d) = d**2 - 5*d + 5*d + r*d - 5*d - 5. Calculate j(o).
3
Suppose 59*j = -711 - 115. Let d(m) = m**2 + 16*m + 28. Give d(j).
0
Let s(t) = t**3 + t**2 - 1. Let m be (4/10)/(1/(-30)). Let c = m + 10. Calculate s(c).
-5
Let t(i) be the second derivative of -i**5/20 + i**4/12 + i**3/6 + 13*i. Let y(o) = -2*o**3 + 5*o**2 - 2*o - 3. Let c(f) = 3*t(f) - y(f). Calculate c(-3).
-3
Let o(h) = -7*h**3 + 19*h**2 - 3*h + 1. Let s(p) = 4*p**3 - 11*p**2 + 2*p. Let d(w) = 3*o(w) + 5*s(w). Give d(4).
-25
Let i = 607 + -606. Let a(s) = -5*s + 1. Determine a(i).
-4
Let s(q) = q**3 + 10*q**2 - 8*q - 4. Let z(d) = d**3 + 9*d**2 - 7*d - 4. Let l(f) = -5*s(f) + 6*z(f). Determine l(-4).
4
Let k = 12 - 8. Let u = 7 - k. Let j(g) = u + 2 + 11*g - 5. Give j(1).
11
Let f(g) = -4*g + 4. Let x = -82 + 87. What is f(x)?
-16
Let o(i) = -2*i**2 + 2*i + 2. Let h(c) = -c**2 - 18*c + 38. Let y be h(-20). Calculate o(y).
-10
Suppose -50*q = -6*q + 88. Let f(b) = 2*b**2 + 6*b + 5. What is f(q)?
1
Let x(h) = 2*h**2 - 3*h - 8. Let d(k) = 7*k + 123. Let p be d(-17). Determine x(p).
12
Suppose -13 = -9*s - 4. Let i(d) be the second derivative of 5*d**3/6 - 2*d. Calculate i(s).
5
Let y(n) = -3*n**2 + 2*n + 5. Let b = -454 - -457. Give y(b).
-16
Let m be 5*(-8)/(-8) + (-145)/30. Let h(s) be the third derivative of -5*s**2 + m*s**3 + 1/6*s**4 + 1/60*s**5 + 0*s + 0. Give h(-5).
6
Let h(p) = p**2 - 6*p - 4. Let n be (9/5)/((-39)/(-130)). What is h(n)?
-4
Let i(j) be the first derivative of -j**3/6 + j**2/2 - 20*j + 44. Let k(t) be the first derivative of i(t). What is k(-5)?
6
Let x = -517 - -512. Let n(d) = 7*d - 10. Let j(o) = -3*o + 5. Let l(k) = -5*j(k) - 2*n(k). Give l(x).
-10
Let k(t) = t**3 - 6*t**2 + 6*t - 6. Let d(c) = 7*c - 86. Let n be d(13). Give k(n).
-1
Let i(j) = 7*j**2 + 9*j - 5. Let v(k) = -3*k**2 - 4*k + 2. Let w(h) = 4*h**2 - 3*h. Let p be w(2). Let o = 0 - p. Let n(s) = o*v(s) - 4*i(s). What is n(-3)?
6
Let r be -1 + (-9)/(-5 - -2). Let z = -1 - r. Let g(c) = 2*c**2 + 8*c. Let x(v) = v. Let o(p) = -g(p) + 5*x(p). Determine o(z).
-9
Let j(w) be the first derivative of 1/3*w**3 + 3/2*w**2 + 15 - 7*w. Let i = -12 + 7. Calculate j(i).
3
Let g be 410/(-1476)*(1 + -19). Let r(v) = 0 + 1 + 0 - v. Determine r(g).
-4
Let n(a) = 3*a**3 + 14*a**2 + 10*a + 13. Let w(p) = -4*p**3 - 16*p**2 - 12*p - 14. Let l(u) = 5*n(u) + 4*w(u). Determine l(6).
21
Let m(t) = -t + 1. Let s be (245/(-7))/(-7) + 2 + -2. Give m(s).
-4
Let u(r) = -12*r - 10. Let x(a) = -2*a - 1. Let p(m) = u(m) - 5*x(m). What is p(0)?
-5
Suppose 0 = -4*a, -3*x + 2*a + 21 = 5*a. Suppose d + 1 - x = -5*n, 4*n + 3*d = 7. Let g(y) = 15*y. Give g(n).
15
Let y(q) = 5*q**2 + 9*q**2 - 4 + 15*q**2 + q**3 - 26*q**2 - 2*q + 3*q**2. Calculate y(-7).
-39
Let m(i) = 15*i**2 - 2*i + 1. Let c be m(1). Let x be (10/(-3))/(c/(-21)). Suppose -x*a + 3*z = -3*a, 2*z = a + 2. Let j(w) = -w + 4. What is j(a)?
-2
Let c = -136 + 141. Let j(i) be the third derivative of -5/24*i**4 + 2*i**2 + 1/60*i**c - 1/2*i**3 + 0*i + 0. What is j(5)?
-3
Let j be (4 - 6)/(-2 + 1). Let l(i) be the third derivative of 0*i + 0*i**4 - 2*i**j - 2/3*i**3 + 0 + 1/60*i**5. Determine l(0).
-4
Let v(x) = 3*x**3 + 7*x**2 - 10*x - 3. Let y(j) =